te the greatest common divisor of f and 72.
18
Let y be 4/6 - (-40)/(-6). Let c be 28/y - (-8)/12. Let j be 104/10 - c/(-10). What is the highest common factor of 10 and j?
10
Let x(v) = -4*v - 2*v**3 + v**3 - 3*v**2 + 4 + 11*v. Let a be x(-5). Let z be (a/(-2))/(3/(-66)). Calculate the greatest common factor of 19 and z.
19
Let v = 203 - 123. Calculate the greatest common factor of 32 and v.
16
Suppose 64 = 4*h + 4*r, 5*h = -6*r + 2*r + 82. Let d = h - 7. What is the highest common divisor of 22 and d?
11
Suppose -2*u + 3*j = 11, 8*j = -u + 3*j + 27. Suppose -u - 6 = -2*c. Suppose 10 + 6 = c*y. Calculate the highest common factor of 20 and y.
4
Suppose -2*w = -2*g - 2*g - 230, -5*w + 2*g = -599. What is the greatest common factor of w and 11?
11
Let b(m) be the second derivative of 0 - 1/3*m**3 + 2*m + 1/12*m**4 - 5/2*m**2. Let x be b(5). What is the highest common factor of 80 and x?
10
Suppose 7 + 5 = 4*p. Let j be -2 - (p + 580/(-4)). Calculate the highest common factor of 56 and j.
28
Suppose 0 = -2*c + j + 27, -2*j = -0*c + 4*c - 42. Calculate the highest common factor of 4 and c.
4
Let o(m) = m**2 - m - 1. Let u be o(-1). Let h = -23 + 24. Let c be 2*(3 - u)/h. Calculate the greatest common factor of 36 and c.
4
Let v(w) = 5*w - 4. Let q be v(16). Suppose 21*z + q = 25*z. Calculate the greatest common divisor of 38 and z.
19
Suppose -3*x + 540 = 9*x. What is the highest common divisor of x and 10?
5
Let b(y) = -704*y. Let i be b(-2). Let x = i + -328. Suppose 4*v - x = -v. What is the greatest common factor of v and 24?
24
Let j(o) = -o**2 - 3*o - 2. Let t be j(-2). Let g = 6 - t. Let p be 1 + ((-7)/(-1) - -1). What is the highest common divisor of p and g?
3
Suppose 3*n - 95 = l + 122, 67 = n + 5*l. Suppose c = -c - 4. Let h = c - -11. What is the greatest common factor of n and h?
9
Let z(b) = 13*b**2. Let t be z(-1). Let n(s) = -5*s**3 + s**2 + 3*s + 1. Let k be n(-2). Calculate the highest common factor of k and t.
13
Let d be ((-18)/4)/((-3)/20). Let z = 47 + 28. Calculate the highest common divisor of z and d.
15
Suppose 5*h - 63 = 117. What is the greatest common factor of h and 24?
12
Let d = 80 - -4. Calculate the highest common factor of 24 and d.
12
Suppose -2*y + d - 1 = -4, 3*d - 15 = 0. Calculate the highest common divisor of y and 32.
4
Let m be 91 + (6 - 12) - (3 + 0). What is the highest common divisor of 205 and m?
41
Suppose 948 = -4*s + 2*o, 962 = -4*s - 0*o - 5*o. Let p = s - -408. Let b = p - 114. What is the greatest common factor of b and 7?
7
Suppose -3*l - 144 = -3*m, -13*m + 81 = -11*m + 3*l. Suppose 2*w - 27 = -3*y, -y + 4 - 10 = -w. Calculate the highest common divisor of w and m.
9
Let f = 12 + -9. Suppose 4*l + 3*s = 122, 90 = f*l + 2*s + s. Calculate the greatest common factor of 4 and l.
4
Suppose r = 5*x - x + 18, -3*r - 31 = 5*x. Let p be (-65)/r + 2/4. Calculate the highest common factor of 3 and p.
3
Let m = 8 - 1. Let d = m - 4. Let j be (4/6)/(d/72). Calculate the greatest common factor of j and 16.
16
Let w = 107 + -59. Calculate the highest common factor of 96 and w.
48
Let q = -121 + 212. What is the greatest common divisor of q and 13?
13
Let d = 3 + -1. Let l(z) = -4 + 0*z**d - z**2 - 24*z + 11*z. Let q be l(-12). Calculate the highest common factor of 4 and q.
4
Suppose -3*d = d + 40. Let t be 3/((-4)/16*-3). Let v be ((-15)/d)/(2/t). Calculate the highest common divisor of 21 and v.
3
Let u(k) = k - 8. Suppose -6 = -2*n - n, -2*n + 44 = 4*v. Let y be u(v). What is the greatest common divisor of y and 3?
1
Suppose 3*x - 24 = 3*t - 3, 0 = 2*x + 4*t + 4. What is the greatest common divisor of x and 32?
4
Let g be (-3)/6*-6 - -6. Let a be ((-2)/2 - -2) + 8. Calculate the highest common factor of g and a.
9
Let o(a) = 31*a - 6. Let m be o(6). Calculate the greatest common factor of 20 and m.
20
Let r be (6/(-5))/(9/(-120)). Let q be r/(-6)*(-42)/4. What is the greatest common divisor of 42 and q?
14
Suppose 2*y = 4*y + 8. Let b be (-22)/y + 2/(-4). Calculate the greatest common divisor of 2 and b.
1
Suppose -4*o + 121 = -99. Suppose -8 = 4*q, t + 0*q = 4*q + 30. Calculate the greatest common factor of t and o.
11
Suppose 0 = 4*p + 76 - 8. Let f = 39 + p. What is the greatest common factor of f and 22?
22
Let c(w) = -2*w**3 + 3*w**2 + 3*w - 1. Let j be c(3). Let p be (3 + 10)/(1/(-1)). Let d = p - j. What is the highest common divisor of d and 60?
6
Suppose -5*a - 4*f - 7 = -8*a, 4*a - 5*f = 10. What is the greatest common divisor of 5 and a?
5
Suppose -2*a = -8, -3*x - 7*a + 106 = -3*a. Let m = -90 - -128. Let v = -23 + m. What is the greatest common factor of v and x?
15
Suppose -3*f + 7*f = -2*h - 6, 2*h = -5*f - 8. Let g be -1 + (-1)/(2/(-14)). Let r be (-15 + -1)/(f/g). What is the highest common divisor of 16 and r?
16
Suppose -4*u = -632 + 172. Calculate the greatest common divisor of u and 46.
23
Let f(s) = s + 5. Let d be f(5). Suppose 0 = 5*o - o - 12. Suppose -382 + 46 = -3*p + o*h, 5*p = 4*h + 558. What is the highest common divisor of p and d?
10
Let g be -1*((-3)/1 - 1). Let k be 4/((-4)/(-15)) + 0. Suppose g*a - k = 65. What is the greatest common factor of a and 80?
20
Let x = -19 + 16. Let h be 6/(-5)*160/x. Suppose 4 = j + 1, 3*i - 39 = 3*j. What is the greatest common factor of i and h?
16
Let d(g) = -g + 3. Let p be d(-3). Suppose k - p*k = 30. Let z = k - -13. Calculate the greatest common factor of z and 28.
7
Suppose -5*u + 30 = -50. Suppose -c - u = -2*c. Let l(h) = -h**2 + 6*h - 6. Let k be l(4). What is the highest common factor of c and k?
2
Let k(v) be the first derivative of 2*v**3/3 - v**2 - v + 2. Let q be k(2). Suppose 0 = -4*i + q*i + 14. Calculate the highest common factor of i and 112.
14
Suppose -9*l = -14*l + 35. What is the highest common divisor of 28 and l?
7
Let m be -4*((-1)/2)/1. Let w = 9 + -3. Calculate the greatest common divisor of w and m.
2
Suppose -5*y = 6*y - 605. Calculate the greatest common factor of 11 and y.
11
Let r = -253 - -433. Let h(z) = 5*z**2 + 1. Let a be h(1). Let w be (450/105)/(a/28). Calculate the highest common divisor of r and w.
20
Suppose 2*q + 0*q = 40. Calculate the highest common divisor of q and 10.
10
Suppose 5*c = 4*c + 8. Calculate the highest common factor of 8 and c.
8
Suppose 0 = -b + 3 + 6. Calculate the greatest common divisor of 81 and b.
9
Let g be ((-24)/(-30))/(1/10). Calculate the greatest common divisor of g and 88.
8
Suppose -2*p = -4*h + 614, 0 = -h - 4*p + 132 + 8. What is the highest common factor of h and 19?
19
Let f = 9 + -6. Suppose 297 = 4*m - f*b, -2*m - 2*m + 302 = -2*b. Let c be (-10)/(-25) + m/5. What is the greatest common divisor of 24 and c?
8
Let u = -116 + 138. What is the highest common divisor of u and 22?
22
Let a(x) = -x**2 - 14*x - 25. Let u be a(-11). Let y be 967/5 - (-2)/(-5). Suppose 2*b - y = -49. Calculate the greatest common factor of u and b.
8
Let y(d) = -2*d**2 + d + 432. Let p be y(0). Calculate the greatest common divisor of 54 and p.
54
Let m(v) be the first derivative of -11*v**4/4 + v**3/3 + v**2/2 + 1. Let u be m(-1). What is the greatest common divisor of u and 88?
11
Suppose 0 = -4*c + 4 + 4. Suppose 2*o + 3*o = 20. Calculate the highest common factor of o and c.
2
Let x be (-234)/(-4) + 4/(-8). Suppose 3*a + 5*s - 67 = -a, -4*a + x = 2*s. Suppose f + 52 = 3*f. Calculate the greatest common divisor of a and f.
13
Let p be ((-9)/9)/((-1)/(-22)*-2). Calculate the greatest common factor of p and 231.
11
Let n = 12 - -4. Let a = n + 59. Calculate the greatest common divisor of 15 and a.
15
Let n = -12 + 17. Suppose 0*z = b + 5*z - 40, -170 = -5*b + 5*z. Calculate the greatest common factor of n and b.
5
Let u = 26 + -14. Let s be (-8)/(-3)*234/u. What is the highest common divisor of 13 and s?
13
Suppose 2*p = -3*h - 373, 0*h - h + 393 = -2*p. Suppose 5*v = 3*v + 556. Let k = p + v. Calculate the highest common divisor of 12 and k.
12
Suppose 3*y + 3 = -3*s + 57, 0 = -2*s - 4*y + 40. What is the highest common factor of s and 8?
8
Let z be (-3)/((-1)/(-57)*-3). What is the greatest common divisor of 38 and z?
19
Suppose 0 = -5*j - 26 + 51. What is the greatest common divisor of 10 and j?
5
Suppose -q + 14 = q. Let k = 247 + -246. What is the greatest common divisor of